3, 1361
What are the prime factors of 135984?
2, 3, 2833
What are the prime factors of 10301?
10301
List the prime factors of 44845.
5, 8969
List the prime factors of 17648.
2, 1103
List the prime factors of 5291.
11, 13, 37
What are the prime factors of 1029?
3, 7
List the prime factors of 6276.
2, 3, 523
List the prime factors of 177.
3, 59
What are the prime factors of 31667?
31667
What are the prime factors of 1643?
31, 53
List the prime factors of 1848.
2, 3, 7, 11
List the prime factors of 6337.
6337
What are the prime factors of 1412?
2, 353
List the prime factors of 1796.
2, 449
What are the prime factors of 82973?
11, 19, 397
List the prime factors of 4627.
7, 661
List the prime factors of 15536.
2, 971
What are the prime factors of 20450?
2, 5, 409
List the prime factors of 107.
107
List the prime factors of 2003.
2003
What are the prime factors of 597?
3, 199
List the prime factors of 9006.
2, 3, 19, 79
List the prime factors of 7563.
3, 2521
List the prime factors of 967.
967
What are the prime factors of 8?
2
What are the prime factors of 261?
3, 29
What are the prime factors of 1476?
2, 3, 41
List the prime factors of 17711.
89, 199
What are the prime factors of 4807?
11, 19, 23
List the prime factors of 914.
2, 457
List the prime factors of 7172.
2, 11, 163
What are the prime factors of 116474?
2, 58237
List the prime factors of 2073.
3, 691
What are the prime factors of 3460?
2, 5, 173
List the prime factors of 1203.
3, 401
What are the prime factors of 1393?
7, 199
What are the prime factors of 36436?
2, 9109
List the prime factors of 31676.
2, 7919
What are the prime factors of 1482?
2, 3, 13, 19
What are the prime factors of 5750?
2, 5, 23
List the prime factors of 3918.
2, 3, 653
What are the prime factors of 31964?
2, 61, 131
List the prime factors of 36137.
36137
What are the prime factors of 5941?
13, 457
List the prime factors of 4662.
2, 3, 7, 37
What are the prime factors of 973?
7, 139
List the prime factors of 19853.
19853
List the prime factors of 3726.
2, 3, 23
List the prime factors of 4687.
43, 109
What are the prime factors of 16305?
3, 5, 1087
List the prime factors of 19607.
7, 2801
What are the prime factors of 2171?
13, 167
What are the prime factors of 2681?
7, 383
List the prime factors of 120.
2, 3, 5
What are the prime factors of 1084?
2, 271
List the prime factors of 4043.
13, 311
List the prime factors of 3006.
2, 3, 167
List the prime factors of 713.
23, 31
What are the prime factors of 110834?
2, 151, 367
List the prime factors of 907.
907
List the prime factors of 4760.
2, 5, 7, 17
List the prime factors of 1785.
3, 5, 7, 17
List the prime factors of 19717.
19717
List the prime factors of 902.
2, 11, 41
What are the prime factors of 2977?
13, 229
What are the prime factors of 30789?
3, 11, 311
What are the prime factors of 11659?
89, 131
What are the prime factors of 403?
13, 31
List the prime factors of 7133.
7, 1019
What are the prime factors of 1238?
2, 619
What are the prime factors of 1342?
2, 11, 61
What are the prime factors of 198?
2, 3, 11
What are the prime factors of 1705?
5, 11, 31
List the prime factors of 7192.
2, 29, 31
List the prime factors of 1148.
2, 7, 41
List the prime factors of 8265.
3, 5, 19, 29
What are the prime factors of 782?
2, 17, 23
What are the prime factors of 4207?
7, 601
What are the prime factors of 555?
3, 5, 37
What are the prime factors of 1818?
2, 3, 101
What are the prime factors of 1741?
1741
What are the prime factors of 16670?
2, 5, 1667
List the prime factors of 1086.
2, 3, 181
What are the prime factors of 134304?
2, 3, 1399
List the prime factors of 493.
17, 29
What are the prime factors of 5850?
2, 3, 5, 13
List the prime factors of 1090.
2, 5, 109
What are the prime factors of 21108?
2, 3, 1759
What are the prime factors of 10792?
2, 19, 71
List the prime factors of 11268.
2, 3, 313
List the prime factors of 3420.
2, 3, 5, 19
What are the prime factors of 31732?
2, 7933
List the prime factors of 1698.
2, 3, 283
What are the prime factors of 961?
31
List the prime factors of 2937.
3, 11, 89
List the prime factors of 1882.
2, 941
List the prime factors of 39815.
5, 7963
What are the prime factors of 6377?
7, 911
List the prime factors of 393.
3, 131
List the prime factors of 17921.
17921
What are the prime factors of 2944?
2, 23
What are the prime factors of 59432?
2, 17, 19, 23
List the prime factors of 33642.
2, 3, 7, 89
What are the prime factors of 102463?
79, 1297
List the prime factors of 1256.
2, 157
What are the prime factors of 108?
2, 3
What are the prime factors of 30944?
2, 967
What are the prime factors of 3262?
2, 7, 233
What are the prime factors of 26596?
2, 61, 109
What are the prime factors of 63419?
63419
What are the prime factors of 1603?
7, 229
What are the prime factors of 36937?
43, 859
What are the prime factors of 23803?
13, 1831
What are the prime factors of 97005?
3, 5, 29, 223
List the prime factors of 1276.
2, 11, 29
What are the prime factors of 86781?
3, 28927
List the prime factors of 4212.
2, 3, 13
What are the prime factors of 124441?
107, 1163
List the prime factors of 44391.
3, 14797
What are the prime factors of 7450?
2, 5, 149
List the prime factors of 15009.
3, 5003
What are the prime factors of 44525?
5, 13, 137
What are the prime factors of 1470?
2, 3, 5, 7
List the prime factors of 17.
17
What are the prime factors of 3336?
2, 3, 139
What are the prime factors of 15716?
2, 3929
List the prime factors of 1529.
11, 139
List the prime factors of 2049.
3, 683
List the prime factors of 986.
2, 17, 29
List the prime factors of 32856.
2, 3, 37
List the prime factors of 23238.
2, 3, 1291
List the prime factors of 42881.
137, 313
List the prime factors of 16940.
2, 5, 7, 11
List the prime factors of 16548.
2, 3, 7, 197
What are the prime factors of 25879?
7, 3697
What are the prime factors of 4350?
2, 3, 5, 29
What are the prime factors of 816?
2, 3, 17
What are the prime factors of 10162?
2, 5081
What are the prime factors of 50779?
17, 29, 103
What are the prime factors of 500?
2, 5
What are the prime factors of 221?
13, 17
List the prime factors of 36759.
3, 12253
List the prime factors of 5532.
2, 3, 461
List the prime factors of 3736.
2, 467
List the prime factors of 1145.
5, 229
What are the prime factors of 954?
2, 3, 53
What are the prime factors of 882?
2, 3, 7
List the prime factors of 1109.
1109
List the prime factors of 532.
2, 7, 19
List the prime factors of 1563.
3, 521
What are the prime factors of 3094?
2, 7, 13, 17
What are the prime factors of 20798?
2, 10399
What are the prime factors of 13990?
2, 5, 1399
List the prime factors of 176671.
11, 16061
What are the prime factors of 8099?
7, 13, 89
What are the prime factors of 1356?
2, 3, 113
What are the prime factors of 71301?
3, 23767
What are the prime factors of 107288?
2, 13411
What are the prime factors of 35893?
11, 13, 251
What are the prime factors of 14005?
5, 2801
List the prime factors of 15777.
3, 1753
What are the prime factors of 234?
2, 3, 13
List the prime factors of 2035.
5, 11, 37
List the prime factors of 45853.
45853
List the prime factors of 1627.
1627
List the prime factors of 4225.
5, 13
What are the prime factors of 212?
2, 53
What are the prime factors of 442?
2, 13, 17
List the prime factors of 44561.
11, 4051
What are the prime factors of 589?
19, 31
What are the prime factors of 139723?
17, 8219
List the prime factors of 20500.
2, 5, 41
What are the prime factors of 57?
3, 19
What are the prime factors of 19698?
2, 3, 7, 67
List the prime factors of 171.
3, 19
List the prime factors of 289.
17
List the prime factors of 7785.
3, 5, 173
What are the prime factors of 1298?
2, 11, 59
List the prime factors of 93.
3, 31
List the prime factors of 1445.
5, 17
List the prime factors of 948.
2, 3, 79
What are the prime factors of 838?
2, 419
What are the prime factors of 1370?
2, 5, 137
List the prime factors of 178871.
7, 11, 23, 101
What are the prime factors of 692?
2, 173
What are the prime factors of 7518?
2, 3, 7, 179
What are the prime factors of 9342?
2, 3, 173
List the prime factors of 14512.
2, 907
List the prime factors of 681.
3, 227
List the prime factors of 71.
71
What are the prime factors of 1119?
3, 373
What are